{"id":559,"date":"2017-02-11T17:26:55","date_gmt":"2017-02-11T15:26:55","guid":{"rendered":"http:\/\/www.dirigent.at\/?page_id=559"},"modified":"2025-03-07T14:29:45","modified_gmt":"2025-03-07T13:29:45","slug":"concert-repertoire","status":"publish","type":"page","link":"https:\/\/www.dirigent.at\/?page_id=559","title":{"rendered":"Concert &#8211; Repertoire"},"content":{"rendered":"<p><strong>ADAMS<\/strong><br \/>\nShort Ride in a Fast Machine<br \/>\nThe Chairman Dances<\/p>\n<p><strong>ALB\u00c9NIZ &#8211; Rueda<\/strong><br \/>\nEvocaci\u00f3n<br \/>\nLavapi\u00e9s<br \/>\nTriana<\/p>\n<p><strong>BACH<\/strong><br \/>\nOrchestersuite No. 2 BWV 1067<br \/>\nOrchestersuite No. 3 BWV 1068<br \/>\nMatth\u00e4uspassion<br \/>\nWeihnachtsoratorium<br \/>\nMagnificat<\/p>\n<p><strong>BACH &#8211; Stokowski<\/strong><br \/>\nFugue in G minor<\/p>\n<p><strong>BACH &#8211; Sch\u00f6nberg<\/strong><br \/>\nPr\u00e4ludium und Fuge in Es-Dur<br \/>\nChoralvorspiele<\/p>\n<p><strong>BARBER<\/strong><br \/>\nPiano concert<br \/>\nViolin concert<br \/>\nAdagio For Strings<\/p>\n<p><strong>BARTOK<\/strong><br \/>\nConcerto per Orchestra<br \/>\nDer Wunderbare Mandarin<br \/>\nMusik f\u00fcr Saiteninstrumente Schlagzeug und Celesta<br \/>\nDeux Portraits op. 5<br \/>\nDeux Images per orch op.10<br \/>\nDivertimento<\/p>\n<p><strong>BEETHOVEN<\/strong><br \/>\nSymph 1 2 3 4 5 6 7 8 9<br \/>\nChorfantasie<br \/>\nMesse in C<br \/>\nMissa Solemnis<\/p>\n<p><strong>BERG<\/strong><br \/>\n3 Orchesterst\u00fccke op. 6<br \/>\n3 Bruchst\u00fccke aus Wozzeck<br \/>\nSymphonische St\u00fccke aus Lulu<br \/>\nKonzert f\u00fcr Violine und Orchester<br \/>\nKammerkonzert f\u00fcr Klavier und Geige mit 13 Bl\u00e4sern<br \/>\nAltenberg Lieder<br \/>\nSieben fr\u00fche Lieder<br \/>\nDer Wein<br \/>\n&#8211;<strong>Verbey \u00a0<\/strong>Sonate op. 1<\/p>\n<p><strong>BERIO<\/strong><br \/>\nVoci<br \/>\n<strong>-Boccherini<\/strong><br \/>\nQuattro versioni originali della\u00a0ritirata notturna di madrid<br \/>\n&#8211;<strong>Brahms<\/strong><br \/>\nop. 120 f\u00fcr Klarinette od Viola<br \/>\n&#8211;<strong>Mahler<\/strong><br \/>\nF\u00fcnf fr\u00fche Lieder<br \/>\nSechs fr\u00fche Lieder<\/p>\n<p><strong>BERLIOZ<\/strong><br \/>\nSymphonie Fantastique<br \/>\nLa Damnation de Faust<br \/>\nHarold en Italie<br \/>\nLes Nuits d\u00b4\u00e9t\u00e9<br \/>\nOuvertures<\/p>\n<p><strong>BERNSTEIN<\/strong><br \/>\nThe Age of Anxiety<br \/>\nHalil<\/p>\n<p><strong>BIZET<\/strong><br \/>\nSymphonie 1<br \/>\nL\u00b4Arl\u00e9sienne-Suites<\/p>\n<p><strong>BORODIN<\/strong><br \/>\nPolovetsian Dances<\/p>\n<p><strong>BRAHMS<\/strong><br \/>\nSymph 1 2 3 4<br \/>\nEin Deutsches Requiem<br \/>\nSchicksalslied<br \/>\nAlt-Rhapsodie<br \/>\nN\u00e4nie<\/p>\n<p><strong>BRITTEN<\/strong><br \/>\nPeter Grimes Sea Interludes<br \/>\nSpring Symphony<\/p>\n<p><strong>BRUCKNER<\/strong><br \/>\nSymphonie 3 -3.Fassung 1889<br \/>\nSymphonie 4 -2.Fassung 1878\/80<br \/>\nSymphonie 6<br \/>\nSymphonie 7<br \/>\nSymphonie 8 -2.Fassung 1890<br \/>\nSymphonie 9 cpl 1-4<\/p>\n<p><strong>BUSONI<\/strong><br \/>\nKlavierkonzert<\/p>\n<p><strong>CHAVEZ<\/strong><br \/>\nSinfonia India<\/p>\n<p><strong>CHERUBINI<\/strong><br \/>\nRequiem re min<\/p>\n<p><strong>COPLAND<\/strong><br \/>\nQuiet City<br \/>\nConcerto for Clarinet<\/p>\n<p><strong>DALLAPICCOLA<\/strong><br \/>\nVariazioni per Orchestra<br \/>\nPiccola musica notturna<\/p>\n<p><strong>DAUGHERTY<\/strong><br \/>\nFire and Blood violin concert<\/p>\n<p><strong>DEBUSSY<\/strong><br \/>\nLa Mer<br \/>\nImages<br \/>\nPr\u00e9lude \u00e0 l\u00b4apr\u00e8s-midi d\u00b4un faune<br \/>\nTrois Nocturnes<\/p>\n<p><strong>DORMAN AVNER<\/strong><br \/>\nFrozen in Time<\/p>\n<p><strong>DUKAS<\/strong><br \/>\nL\u00b4 Apprenti Sorcier<br \/>\nLa Peri Fanfare<\/p>\n<p><strong>DVORAK<\/strong><br \/>\nSymphie 8 9<br \/>\nStabat Mater<br \/>\nSlawische T\u00e4nze<\/p>\n<p><strong>DE FALLA<\/strong><br \/>\nEl Sombrero de tres picos<br \/>\nEl Amor Brujo<br \/>\nLa Vida Breve \u2013 Interludio y Danza<br \/>\nNoches en los Jardines de Espana<\/p>\n<p><strong>FRANCK<\/strong><br \/>\nSymphonie en r\u00e9 mineur<\/p>\n<p><strong>FAURE<\/strong><br \/>\nPell\u00e9as et M\u00e9lisande<\/p>\n<p><strong>FREITAS BRANCO<\/strong><br \/>\nVathek<\/p>\n<p><strong>GARDEL- Garello<\/strong><br \/>\nTangos<\/p>\n<p><strong>GERSHWIN-Bennett<\/strong><br \/>\nPorgy &amp; Bess<\/p>\n<p><strong>GLASS<\/strong><br \/>\nConcerto Fantasy for two timpanists and orchestra<br \/>\nAn American in Paris<\/p>\n<p><strong>GINASTERA<\/strong><br \/>\nEstancia Suite<br \/>\nConcierto 1 para piano<\/p>\n<p><strong>GLINKA<\/strong><br \/>\nRuslan and Ludmilla<\/p>\n<p><strong>GUBAIDULINA<\/strong><br \/>\nOffertorium<\/p>\n<p><strong>GURIDI<\/strong><br \/>\nDiez Melodias Vascas<\/p>\n<p><strong>HAUER<\/strong><br \/>\nKlavierkonzert<\/p>\n<p><strong>HAYDN<\/strong><br \/>\nSymph 2 44 45 49 88 92 93 94<br \/>\n100 101 102 103 104<br \/>\nDie Jahrezeiten<\/p>\n<p><strong>H\u00c4NDEL \u2013 Mozart<\/strong><br \/>\nMessiah<\/p>\n<p><strong>HINDEMITH<\/strong><br \/>\nMathis der Maler<br \/>\nMarienleben<br \/>\nDer Schwanendreher<\/p>\n<p><strong>HOLST<\/strong><br \/>\nThe Planets<\/p>\n<p><strong>JAN\u00c1\u010cEK<\/strong><br \/>\nSinfonietta<br \/>\nTaras Bulba<br \/>\nSuite Katja Kabanova<\/p>\n<p><strong>KODALY<\/strong><br \/>\nH\u00e1ry J\u00e1nos &#8211; Suite<br \/>\nGal\u00e1ntai t\u00e1ncok<\/p>\n<p><strong>LIEBERMANN<\/strong><br \/>\nFurioso<br \/>\nMedea-Monolog<br \/>\nConcerto for Jazzband and Symphony Orchestra<br \/>\nLes Echanges<\/p>\n<p><strong>LIGETY<\/strong><br \/>\nLontano<\/p>\n<p><strong>LISZT<\/strong><br \/>\nChristus<br \/>\nLes Preludes<\/p>\n<p><strong>LISZT &#8211; Schreker<\/strong><br \/>\n2. Ungarische Rhapsodie<\/p>\n<p><strong>LUTOSLAWSKI<\/strong><br \/>\nSymphonie 3<\/p>\n<p><strong>MAHLER<\/strong><br \/>\nSymphonie 1 2 3 4 5 6 7 9 10 (Cooke)<br \/>\nDas Lied von der Erde<br \/>\nLieder aus des Knaben Wunderhorn<br \/>\nKindertotenlieder<br \/>\nLieder eines fahrenden Gesellen<br \/>\nSieben Lieder<br \/>\n<strong>-Berio<\/strong><br \/>\nF\u00fcnf fr\u00fche Lieder<br \/>\nSechs fr\u00fche Lieder<\/p>\n<p><strong>MARQUEZ<\/strong><br \/>\nDanz\u00f3n No. 2<\/p>\n<p><strong>MENDELSSOHN<\/strong><br \/>\nSommernachtstraum (cpl)<br \/>\nSymphonie Nr.2 &#8222;Lobgesang&#8220;<br \/>\nSymphonie\u00a0Nr.\u00a03 op.56 \u00a0&#8222;Scottish&#8220;<br \/>\nSymphonie\u00a0Nr.\u00a04 op. &#8222;Italian&#8220;<\/p>\n<p><strong>MESSIAEN<\/strong><br \/>\nTurangal\u00eela<br \/>\nEt expecto resurrectionem mortuorum<\/p>\n<p><strong>MILHAUD<\/strong><br \/>\nLa Cr\u00e9ation du Monde<br \/>\nLe boeuf sur le toit<\/p>\n<p><strong>MOZART<\/strong><br \/>\nSymphonie KV 183 200 201 297<br \/>\n338 385 425 504 543 550 551<br \/>\nSerenaden KV 100 203 250 320 525<br \/>\nEin Musikalischer Spass KV 522<br \/>\nKr\u00f6nungsmesse KV 317<br \/>\nRequiem<\/p>\n<p><strong>MUSSORGSKY<\/strong><br \/>\nNight on the Bare Montain<br \/>\n<strong>&#8211; Ravel <\/strong> Tableaux d\u00b4une Exposition<br \/>\n<strong>&#8211; Stokowski <\/strong> Tableaux d\u00b4une Exposition<br \/>\n<strong>&#8211; Funtek <\/strong> Tableaux d\u00b4 une Exposition<\/p>\n<p><strong>ORFF<\/strong><br \/>\nCarmina Burana<\/p>\n<p><strong>OLIVERO Betty<\/strong><br \/>\nMerkavo\u00b4t<\/p>\n<p><strong>P\u00c4RT<\/strong><br \/>\nFratres<br \/>\nCantus in memory of Benjamin britten<\/p>\n<p><strong>PERGOLESI<\/strong><br \/>\nStabat Mater<\/p>\n<p><strong>PETRASSI<\/strong><br \/>\nConcerto per Orch 1 3 8<br \/>\nPartita<br \/>\nOrationes Christi<\/p>\n<p><strong>POULENC<\/strong><br \/>\nGloria<br \/>\nConcert Champetre<\/p>\n<p><strong>PROKOFIEV<\/strong><br \/>\nSymphony 1 &#8222;Classical&#8220;<br \/>\nSymphony 5<br \/>\nRomeo Julia cpl, Suite 1 2 3<br \/>\nMarch and Scherzo &#8211; The Love For Three Oranges<br \/>\nScythian Suite &#8211; Ala i Lolli op.20<br \/>\nAlexander Nevsky<br \/>\nSinfonietta<\/p>\n<p><strong>RAVEL<\/strong><br \/>\nLa Valse<br \/>\nDaphnis et Chlo\u00e9 (cpl)<br \/>\nRapsodie espagnole<br \/>\nBolero<br \/>\nMa m\u00e8re l\u00b4Oye -Suite<br \/>\nPavane pour une infante d\u00e9funte<\/p>\n<p><strong>RESPIGHI<\/strong><br \/>\nPini di Roma<br \/>\nGli Ucelli<br \/>\n<strong>&#8211; Rossini<\/strong> La boutique fantasque<\/p>\n<p><strong>REVUELTAS<\/strong><br \/>\nSensemay\u00e1<br \/>\nRedes<\/p>\n<p><strong>RIHM<\/strong><br \/>\nDunkles Spiel<br \/>\nSchwebende Begegnung<br \/>\nSchwarzer und Roter Tanz<br \/>\nAufzeichnung: D\u00e4mmerung und Umriss &#8211;<br \/>\n<strong>world premiere<\/strong> &#8211; Karlsruhe 1995<br \/>\nVers une symphonie fleuve II &#8211;<br \/>\n<strong>world premiere<\/strong> &#8211; Bremen 2000<br \/>\nIm Anfang<br \/>\nPol<br \/>\nLichtzwang<br \/>\nBratschenkonzert<br \/>\nO Notte<br \/>\nErnster Gesang, Lied<\/p>\n<p><strong>RIMSKY KORSAKOV<\/strong><br \/>\nScheherazade<br \/>\nNight an Bald Mountain<\/p>\n<p><strong>ROSSINI<\/strong><br \/>\ndiv Ouv<\/p>\n<p><strong>ROTA<\/strong><br \/>\nLa Strada-Suite<br \/>\nConcerto in Do per pianoforte e orchestra &#8211;<br \/>\n<strong>world premiere<\/strong> &#8211; RAI-Roma 1987<\/p>\n<p><strong>SAINT-SAENS<\/strong><br \/>\nSymphony No. 3 &#8222;Organ&#8220;<\/p>\n<p><strong>SCELSI<\/strong><br \/>\nQuattro Pezzi \u00a0Su Una Nota Sola<\/p>\n<p><strong>SCHNITTKE<\/strong><br \/>\nRequiem<br \/>\nViolin concerto No. 4<br \/>\nViola concerto<br \/>\nConcerto for piano and strings (1979)<\/p>\n<p><strong>SCH\u00d6NBERG<\/strong><br \/>\nGurre-Lieder<br \/>\nPelleas und Melisande\u00a0op. 5<br \/>\nVerkl\u00e4rte Nacht<br \/>\nKammersymphonie op. 9<br \/>\nA Survivor from Warsaw<br \/>\nDer Erste Psalm<br \/>\n<strong>-Bach<\/strong> Pr\u00e4ludium und Fuge in Es-Dur<\/p>\n<p><strong>SCHOSTAKOVITCH<\/strong><br \/>\nSymphony 6 9 10<br \/>\nSuite Hamlet (20\u2019)<br \/>\nKammersinfonie op 110 a<br \/>\nFestive Ouverture<\/p>\n<p><strong>SCHREKER<\/strong><br \/>\nKammersymphonie<br \/>\nVorspiel zu einer Grossen Oper (Memnon)<br \/>\nVom Ewigen Leben<br \/>\n<strong>-Liszt <\/strong> 2. Ungarische Rhapsodie<\/p>\n<p><strong>SCHUBERT<\/strong><br \/>\nSymph 1 2 3 5 7D-759 8-D-944<br \/>\nRosamunde<\/p>\n<p><strong>SCHULHOFF<\/strong><br \/>\nKlavierkonzert (1923)<\/p>\n<p><strong>SCHUMANN<\/strong><br \/>\nSymphonie 1 2 4<br \/>\nManfred cpl<br \/>\nOuverture Scherzo und Finale<\/p>\n<p><strong>SCRIABIN<\/strong><br \/>\nLe Po\u00e8me de l\u00b4Extase<br \/>\nReverie<br \/>\nPrometheus (with original \u201elight and fire\u201c)<\/p>\n<p><strong>SIBELIUS<\/strong><br \/>\nFinlandia<\/p>\n<p><strong>STRAUSS Dynastie<\/strong><br \/>\nWalzer,Polkas,M\u00e4rsche&#8230;<\/p>\n<p><strong>STRAUSS<\/strong><br \/>\nAlso sprach Zarathustra<br \/>\nDon Juan<br \/>\nTill Eulenspiegel<br \/>\nTod und Verkl\u00e4rung<br \/>\nDon Quichotte<br \/>\nEine Alpensinfonie<br \/>\nSymphonia Domestica<br \/>\nRosenkavalier \u2013 Suite<br \/>\nFrau ohne Schatten \u2013 Suite<br \/>\nB\u00fcrger als Edelmann<br \/>\nVier Letzte Lieder<br \/>\nLieder mit Orchester<br \/>\nRomanze f\u00fcr Violoncello und Orchester op. 13 &#8211;<br \/>\n<strong>world premiere<\/strong>&#8211; Dresden 1986<br \/>\n<strong>&#8211; Couperin <\/strong> Divertimento op 86<br \/>\nTanzsuite<\/p>\n<p><strong>STRAVINSKY<\/strong><br \/>\nLe Sacre du Printemps<br \/>\nPetroushka<br \/>\nL\u00b4oiseau de feu<br \/>\nSymphony in three movements<br \/>\nHistoire du soldat<br \/>\nPulcinella<br \/>\nDivertimento<br \/>\nSuite 1 2<br \/>\nMesse<br \/>\nSymphony of Psalms<br \/>\nCanticum Sacrum<br \/>\nVom Himmel Hoch<\/p>\n<p><strong>SUPPE<\/strong><br \/>\nLeichte Kavallerie<br \/>\nDichter und Bauer<\/p>\n<p><strong>SZYMANOWSKI<\/strong><br \/>\nStabat Mater<br \/>\nDemeter<\/p>\n<p><strong>TCHAIKOVSKY<\/strong><br \/>\nSymph 4 5 6<br \/>\nRomeo &amp; Julia<br \/>\nCapriccio Italien<br \/>\nSerenade<\/p>\n<p><strong>TIPPETT<\/strong><br \/>\nA Child of Our Time<br \/>\n<strong>VERDI<\/strong><br \/>\nOuvertures<br \/>\nRequiem<br \/>\nQuattro Pezzi Sacri<\/p>\n<p><strong>VILLA LOBOS<\/strong><br \/>\nUirapuru<br \/>\nErosao<br \/>\nAmazonas<\/p>\n<p><strong>VIVALDI<\/strong><br \/>\nQuattro Stagioni<\/p>\n<p><strong>WAGNER<\/strong><br \/>\ndiv. Orchesterst\u00fccke<\/p>\n<p><strong>WALTON<\/strong><br \/>\nViolin concerto<br \/>\nViola concerto<\/p>\n<p><strong>WEBERN<\/strong><br \/>\nIm Sommerwind<br \/>\nPassacaglia op. 1<br \/>\nF\u00fcnf S\u00e4tze op. 5<br \/>\nSechs St\u00fccke op. 6<br \/>\nF\u00fcnf St\u00fccke f\u00fcr Orch op. 10<br \/>\nVariationen op. 30<br \/>\n<strong>&#8211; Bach\u00a0<\/strong> Ricercata<br \/>\n<strong>&#8211; Schubert<\/strong> Deutsche T\u00e4nze<br \/>\n<strong>&#8211; Schubert<\/strong> Lieder<\/p>\n<p><strong>WOLF<\/strong><br \/>\nPenthesilea<br \/>\ndiv. Lieder<\/p>\n<p><strong>WOLF FERRARI<\/strong><br \/>\nLa Vita Nuova<\/p>\n<p><strong>ZEMLINSKY<\/strong><br \/>\nDie Seejungfrau<br \/>\nLyrische Symphonie<\/p>\n<p><strong>ZIMMERMANN B A<\/strong><br \/>\nMusique pour les soupers du Roi Ubu<br \/>\nStille und Umkehr<br \/>\nNobody knows de trouble I see<\/p>\n<h2><\/h2>\n","protected":false},"excerpt":{"rendered":"<p>ADAMS Short Ride in a Fast Machine The Chairman Dances ALB\u00c9NIZ &#8211; Rueda Evocaci\u00f3n Lavapi\u00e9s Triana BACH Orchestersuite No. 2 BWV 1067 Orchestersuite No. 3 BWV 1068 Matth\u00e4uspassion Weihnachtsoratorium Magnificat BACH &#8211; Stokowski Fugue in G minor BACH &#8211; Sch\u00f6nberg Pr\u00e4ludium und Fuge in Es-Dur Choralvorspiele BARBER Piano concert Violin concert Adagio For Strings BARTOK [&hellip;]<\/p>\n","protected":false},"author":1,"featured_media":0,"parent":442,"menu_order":94,"comment_status":"closed","ping_status":"closed","template":"","meta":{"footnotes":""},"class_list":["post-559","page","type-page","status-publish","hentry"],"_links":{"self":[{"href":"https:\/\/www.dirigent.at\/index.php?rest_route=\/wp\/v2\/pages\/559","targetHints":{"allow":["GET"]}}],"collection":[{"href":"https:\/\/www.dirigent.at\/index.php?rest_route=\/wp\/v2\/pages"}],"about":[{"href":"https:\/\/www.dirigent.at\/index.php?rest_route=\/wp\/v2\/types\/page"}],"author":[{"embeddable":true,"href":"https:\/\/www.dirigent.at\/index.php?rest_route=\/wp\/v2\/users\/1"}],"replies":[{"embeddable":true,"href":"https:\/\/www.dirigent.at\/index.php?rest_route=%2Fwp%2Fv2%2Fcomments&post=559"}],"version-history":[{"count":140,"href":"https:\/\/www.dirigent.at\/index.php?rest_route=\/wp\/v2\/pages\/559\/revisions"}],"predecessor-version":[{"id":2134,"href":"https:\/\/www.dirigent.at\/index.php?rest_route=\/wp\/v2\/pages\/559\/revisions\/2134"}],"up":[{"embeddable":true,"href":"https:\/\/www.dirigent.at\/index.php?rest_route=\/wp\/v2\/pages\/442"}],"wp:attachment":[{"href":"https:\/\/www.dirigent.at\/index.php?rest_route=%2Fwp%2Fv2%2Fmedia&parent=559"}],"curies":[{"name":"wp","href":"https:\/\/api.w.org\/{rel}","templated":true}]}}